{"id":3031,"date":"2025-07-15T07:03:51","date_gmt":"2025-07-15T07:03:51","guid":{"rendered":"https:\/\/www.goldeneaglepetfoods.fi\/?page_id=3031"},"modified":"2025-09-19T10:30:58","modified_gmt":"2025-09-19T10:30:58","slug":"valkoinen-kala-riisi-20-9-taysravinto-aikuisille-koirille","status":"publish","type":"page","link":"https:\/\/www.goldeneaglepetfoods.fi\/index.php\/koirille\/valkoinen-kala-riisi-20-9-taysravinto-aikuisille-koirille\/","title":{"rendered":"Valkoinen Kala &amp; Riisi 20\/9 T\u00e4ysravinto aikuisille koirille"},"content":{"rendered":"\t\t<div data-elementor-type=\"wp-page\" data-elementor-id=\"3031\" class=\"elementor elementor-3031\" data-elementor-post-type=\"page\">\n\t\t\t\t\t\t<section class=\"elementor-section elementor-top-section elementor-element elementor-element-aea3287 elementor-section-full_width elementor-section-height-min-height elementor-section-height-default elementor-section-items-middle\" data-id=\"aea3287\" data-element_type=\"section\" data-e-type=\"section\">\n\t\t\t\t\t\t<div class=\"elementor-container elementor-column-gap-default\">\n\t\t\t\t\t<div class=\"elementor-column elementor-col-100 elementor-top-column elementor-element elementor-element-359212d\" data-id=\"359212d\" data-element_type=\"column\" data-e-type=\"column\">\n\t\t\t<div class=\"elementor-widget-wrap elementor-element-populated\">\n\t\t\t\t\t\t<div class=\"elementor-element elementor-element-08e41a0 elementor-widget elementor-widget-heading\" data-id=\"08e41a0\" data-element_type=\"widget\" data-e-type=\"widget\" data-widget_type=\"heading.default\">\n\t\t\t\t<div class=\"elementor-widget-container\">\n\t\t\t\t\t<h1 class=\"elementor-heading-title elementor-size-default\">Naturally Hypoallergenic Valkoinen Kala &amp; Riisi<\/h1>\t\t\t\t<\/div>\n\t\t\t\t<\/div>\n\t\t\t\t\t<\/div>\n\t\t<\/div>\n\t\t\t\t\t<\/div>\n\t\t<\/section>\n\t\t\t\t<section class=\"elementor-section elementor-top-section elementor-element elementor-element-7fba9a6 elementor-section-boxed elementor-section-height-default elementor-section-height-default\" data-id=\"7fba9a6\" data-element_type=\"section\" data-e-type=\"section\" data-settings=\"{&quot;background_background&quot;:&quot;classic&quot;}\">\n\t\t\t\t\t\t<div class=\"elementor-container elementor-column-gap-default\">\n\t\t\t\t\t<div class=\"elementor-column elementor-col-50 elementor-top-column elementor-element elementor-element-b5a2cf9\" data-id=\"b5a2cf9\" data-element_type=\"column\" data-e-type=\"column\">\n\t\t\t<div class=\"elementor-widget-wrap elementor-element-populated\">\n\t\t\t\t\t\t<div class=\"elementor-element elementor-element-4688f5e elementor-widget elementor-widget-text-editor\" data-id=\"4688f5e\" data-element_type=\"widget\" data-e-type=\"widget\" data-widget_type=\"text-editor.default\">\n\t\t\t\t<div class=\"elementor-widget-container\">\n\t\t\t\t\t\t\t\t\t<p>T\u00e4ysravinto, joka sis\u00e4lt\u00e4\u00e4 kaikki koiran tarvitsemat ravintoaineet. Bonuksena t\u00e4m\u00e4 tuote on hypo-allergeenisesti valmistettu ilman lohen lihaa, nautaa, possua, vehn\u00e4\u00e4, vehn\u00e4gluteenia, maitotuotteita, kananmunaa sek\u00e4 soijaa. Tarkkaan valitut raaka-aineet, korkealaatuinen valkoinen kala proteiinina, riisi ja ohra hiilihydraatti l\u00e4htein\u00e4, ovat erinomaisia raaka-aineita ruoka-aine herkkyyden tai allergian hoidossa. Omega-3 l\u00e4hteen\u00e4 on lohi\u00f6ljy.<\/p><p><strong>Hypoallergeeninen koiranruoka aikuisille koirille.<\/strong>\u00a0Kalaisa koostumus sis\u00e4lt\u00e4\u00e4 runsaasti herkullista valkoista kalaa. Resepti sis\u00e4lt\u00e4\u00e4 30 % valkoista kalaa josta 11% on tuoretta kalaa \u2013 vain valkoista kalaa, ei lohta. Valkoisessa kalassa on erinomaiset arvot B-6 ja B-12 vitamiineja sek\u00e4 Omega-3 rasvahappoja tukemaan ihon ja turkin hyvinvointia.<\/p><p>Korkealaatuinen, ihmisravinnoksi kelpaava kala on hyvin sulavaa ja erinomaisen maukasta. Hypoallergeeninen koiranruoka sopii usein my\u00f6s erityisen herkk\u00e4vatsaisille ja allergiaoireisille koirille.<\/p><p><strong>Proteiini 20 % \u2013 Rasva 9 %<\/strong><\/p><p><strong>Luonnollisista ja puhtaista raaka-aineista valmistettu ruoka<\/strong>\u00a0ei sis\u00e4ll\u00e4 mit\u00e4\u00e4n turhia lis\u00e4-, maku- tai s\u00e4il\u00f6nt\u00e4aineita. Korkealaatuiset, ihmisravinnoksi kelpaavat raaka-aineet takaavat ruoan erinomaisen laadun.<\/p><ul><li>Hypoallergeeninen koiranruoka aikuisille koirille<\/li><li>My\u00f6s herkk\u00e4vatsaisille ja allergiaoireisille koirille<\/li><li>Runsaasti laadukasta valkoista kalaa<\/li><li>Sis\u00e4lt\u00e4\u00e4 suolistontoimintaa yll\u00e4pit\u00e4vi\u00e4 prebiootteja<\/li><\/ul>\t\t\t\t\t\t\t\t<\/div>\n\t\t\t\t<\/div>\n\t\t\t\t<div class=\"elementor-element elementor-element-61d4f96 elementor-widget elementor-widget-accordion\" data-id=\"61d4f96\" data-element_type=\"widget\" data-e-type=\"widget\" data-widget_type=\"accordion.default\">\n\t\t\t\t<div class=\"elementor-widget-container\">\n\t\t\t\t\t\t\t<div class=\"elementor-accordion\">\n\t\t\t\t\t\t\t<div class=\"elementor-accordion-item\">\n\t\t\t\t\t<div id=\"elementor-tab-title-1021\" class=\"elementor-tab-title\" data-tab=\"1\" role=\"button\" aria-controls=\"elementor-tab-content-1021\" aria-expanded=\"false\">\n\t\t\t\t\t\t\t\t\t\t\t\t\t<span class=\"elementor-accordion-icon elementor-accordion-icon-left\" aria-hidden=\"true\">\n\t\t\t\t\t\t\t\t\t\t\t\t\t\t\t<span class=\"elementor-accordion-icon-closed\"><i class=\"fas fa-chevron-down\"><\/i><\/span>\n\t\t\t\t\t\t\t\t<span class=\"elementor-accordion-icon-opened\"><i class=\"fas fa-paw\"><\/i><\/span>\n\t\t\t\t\t\t\t\t\t\t\t\t\t\t<\/span>\n\t\t\t\t\t\t\t\t\t\t\t\t<a class=\"elementor-accordion-title\" tabindex=\"0\">Koostumus<\/a>\n\t\t\t\t\t<\/div>\n\t\t\t\t\t<div id=\"elementor-tab-content-1021\" class=\"elementor-tab-content elementor-clearfix\" data-tab=\"1\" role=\"region\" aria-labelledby=\"elementor-tab-title-1021\"><p>Kala 30 % (Kuivattu Valkoinen Kala 15 %, Tuore Valkoinen Kala 11 %, Lohiliemi 2 % ja Lohi\u00f6ljy 2 %), Valkoinen riisi (23 %), Ruskea riisi (20 %), Ohra (15 %), Pellavansiemen, Herne, Sinimailanen, Auringonkukka\u00f6ljy, Omega 3 -(l\u00e4hteen\u00e4 lohi\u00f6ljy), Mineraalit, Kivenn\u00e4isaineet, FOS (970 mg\/kg), Sikuriuute (0,04 %), Jukkauute (190 mg\/kg), Voikukka.<\/p><\/div>\n\t\t\t\t<\/div>\n\t\t\t\t\t\t\t<div class=\"elementor-accordion-item\">\n\t\t\t\t\t<div id=\"elementor-tab-title-1022\" class=\"elementor-tab-title\" data-tab=\"2\" role=\"button\" aria-controls=\"elementor-tab-content-1022\" aria-expanded=\"false\">\n\t\t\t\t\t\t\t\t\t\t\t\t\t<span class=\"elementor-accordion-icon elementor-accordion-icon-left\" aria-hidden=\"true\">\n\t\t\t\t\t\t\t\t\t\t\t\t\t\t\t<span class=\"elementor-accordion-icon-closed\"><i class=\"fas fa-chevron-down\"><\/i><\/span>\n\t\t\t\t\t\t\t\t<span class=\"elementor-accordion-icon-opened\"><i class=\"fas fa-paw\"><\/i><\/span>\n\t\t\t\t\t\t\t\t\t\t\t\t\t\t<\/span>\n\t\t\t\t\t\t\t\t\t\t\t\t<a class=\"elementor-accordion-title\" tabindex=\"0\">Ravintotiedot<\/a>\n\t\t\t\t\t<\/div>\n\t\t\t\t\t<div id=\"elementor-tab-content-1022\" class=\"elementor-tab-content elementor-clearfix\" data-tab=\"2\" role=\"region\" aria-labelledby=\"elementor-tab-title-1022\"><div class=\"dropdown-content\">\n<div class=\"dropdown-content\">\n<p><span>Valkuainen 20%<\/span><\/p>\n<p><span>Rasva 9 %<\/span><\/p>\n<p><span>Kuitu 3 %<\/span><\/p>\n<p><span>Raakatuhka 6 %<\/span><\/p>\n<p><span>Kosteus 8 %<\/span><\/p>\n<p><span>Kalkki 1,2 %<\/span><\/p>\n<p><span>Fosfori 0,9 %<\/span><\/p>\n<p>Omega-6 1,6 %<\/p>\n<p>Omega-3 1,4 %<\/p>\n<\/div>\n<\/div><\/div>\n\t\t\t\t<\/div>\n\t\t\t\t\t\t\t<div class=\"elementor-accordion-item\">\n\t\t\t\t\t<div id=\"elementor-tab-title-1023\" class=\"elementor-tab-title\" data-tab=\"3\" role=\"button\" aria-controls=\"elementor-tab-content-1023\" aria-expanded=\"false\">\n\t\t\t\t\t\t\t\t\t\t\t\t\t<span class=\"elementor-accordion-icon elementor-accordion-icon-left\" aria-hidden=\"true\">\n\t\t\t\t\t\t\t\t\t\t\t\t\t\t\t<span class=\"elementor-accordion-icon-closed\"><i class=\"fas fa-chevron-down\"><\/i><\/span>\n\t\t\t\t\t\t\t\t<span class=\"elementor-accordion-icon-opened\"><i class=\"fas fa-paw\"><\/i><\/span>\n\t\t\t\t\t\t\t\t\t\t\t\t\t\t<\/span>\n\t\t\t\t\t\t\t\t\t\t\t\t<a class=\"elementor-accordion-title\" tabindex=\"0\">Lis\u00e4tyt vitamiinit ja hivenaineet<\/a>\n\t\t\t\t\t<\/div>\n\t\t\t\t\t<div id=\"elementor-tab-content-1023\" class=\"elementor-tab-content elementor-clearfix\" data-tab=\"3\" role=\"region\" aria-labelledby=\"elementor-tab-title-1023\"><div class=\"dropdown-content\"><span>A-vitamiini 14.400 IU\/kg<\/span><\/div>\n<div class=\"dropdown-content\"><span>D3-vitamiini 2.000 IU\/kg<\/span><\/div>\n<div>E-vitamiini 149 mg\/kg<\/div>\n<div class=\"dropdown-content\"><span>Rauta 48 mg\/kg<\/span><\/div>\n<div class=\"dropdown-content\"><span>Kupari 12 mg\/kg<\/span><\/div>\n<div class=\"dropdown-content\"><span>Mangaani 34 mg\/kg<\/span><\/div>\n<div class=\"dropdown-content\"><span>Sinkki 48 mg\/kg<\/span><\/div>\n<div>Jodi 0,96 mg\/kg<\/div><\/div>\n\t\t\t\t<\/div>\n\t\t\t\t\t\t\t\t<\/div>\n\t\t\t\t\t\t<\/div>\n\t\t\t\t<\/div>\n\t\t\t\t\t<\/div>\n\t\t<\/div>\n\t\t\t\t<div class=\"elementor-column elementor-col-50 elementor-top-column elementor-element elementor-element-50be3f5\" data-id=\"50be3f5\" data-element_type=\"column\" data-e-type=\"column\" data-settings=\"{&quot;background_background&quot;:&quot;classic&quot;}\">\n\t\t\t<div class=\"elementor-widget-wrap elementor-element-populated\">\n\t\t\t\t\t\t<div class=\"elementor-element elementor-element-bbcd91d elementor-widget elementor-widget-image\" data-id=\"bbcd91d\" data-element_type=\"widget\" data-e-type=\"widget\" data-widget_type=\"image.default\">\n\t\t\t\t<div class=\"elementor-widget-container\">\n\t\t\t\t\t\t\t\t\t\t\t\t\t\t\t<img fetchpriority=\"high\" decoding=\"async\" width=\"750\" height=\"1058\" src=\"https:\/\/www.goldeneaglepetfoods.fi\/wp-content\/uploads\/2025\/07\/Fish-Rice-12kg-768x1083.jpg\" class=\"attachment-medium_large size-medium_large wp-image-3032\" alt=\"\" srcset=\"https:\/\/www.goldeneaglepetfoods.fi\/wp-content\/uploads\/2025\/07\/Fish-Rice-12kg-768x1083.jpg 768w, https:\/\/www.goldeneaglepetfoods.fi\/wp-content\/uploads\/2025\/07\/Fish-Rice-12kg-213x300.jpg 213w, https:\/\/www.goldeneaglepetfoods.fi\/wp-content\/uploads\/2025\/07\/Fish-Rice-12kg-726x1024.jpg 726w, https:\/\/www.goldeneaglepetfoods.fi\/wp-content\/uploads\/2025\/07\/Fish-Rice-12kg-1090x1536.jpg 1090w, https:\/\/www.goldeneaglepetfoods.fi\/wp-content\/uploads\/2025\/07\/Fish-Rice-12kg.jpg 1240w\" sizes=\"(max-width: 750px) 100vw, 750px\" \/>\t\t\t\t\t\t\t\t\t\t\t\t\t\t\t<\/div>\n\t\t\t\t<\/div>\n\t\t\t\t<div class=\"elementor-element elementor-element-1524b67 elementor-align-center elementor-widget elementor-widget-button\" data-id=\"1524b67\" data-element_type=\"widget\" data-e-type=\"widget\" data-widget_type=\"button.default\">\n\t\t\t\t<div class=\"elementor-widget-container\">\n\t\t\t\t\t\t\t\t\t<div class=\"elementor-button-wrapper\">\n\t\t\t\t\t<a class=\"elementor-button elementor-button-link elementor-size-sm\" href=\"https:\/\/www.goldeneaglepetfoods.fi\/index.php\/koirille\/\">\n\t\t\t\t\t\t<span class=\"elementor-button-content-wrapper\">\n\t\t\t\t\t\t\t\t\t<span class=\"elementor-button-text\">Takaisin kaikkiin ruokiin<\/span>\n\t\t\t\t\t<\/span>\n\t\t\t\t\t<\/a>\n\t\t\t\t<\/div>\n\t\t\t\t\t\t\t\t<\/div>\n\t\t\t\t<\/div>\n\t\t\t\t\t<\/div>\n\t\t<\/div>\n\t\t\t\t\t<\/div>\n\t\t<\/section>\n\t\t\t\t<\/div>\n\t\t","protected":false},"excerpt":{"rendered":"<p>Naturally Hypoallergenic Valkoinen Kala &#038; Riisi T\u00e4ysravinto, joka sis\u00e4lt\u00e4\u00e4 kaikki koiran tarvitsemat ravintoaineet. Bonuksena t\u00e4m\u00e4 tuote on hypo-allergeenisesti valmistettu ilman lohen lihaa, nautaa, possua, vehn\u00e4\u00e4, vehn\u00e4gluteenia, maitotuotteita, kananmunaa sek\u00e4 soijaa. Tarkkaan valitut raaka-aineet, korkealaatuinen valkoinen kala proteiinina, riisi ja ohra hiilihydraatti l\u00e4htein\u00e4, ovat erinomaisia raaka-aineita ruoka-aine herkkyyden tai allergian hoidossa. [&hellip;]<\/p>\n","protected":false},"author":13,"featured_media":3032,"parent":77,"menu_order":0,"comment_status":"closed","ping_status":"closed","template":"page-templates\/template-pagebuilder-full-width.php","meta":{"footnotes":""},"class_list":["post-3031","page","type-page","status-publish","has-post-thumbnail","hentry"],"yoast_head":"<!-- This site is optimized with the Yoast SEO plugin v27.2 - https:\/\/yoast.com\/product\/yoast-seo-wordpress\/ -->\n<title>Golden Eagle Petfoods - Valkoinen Kala &amp; Riisi 20\/9 T\u00e4ysravinto aikuisille koirille<\/title>\n<meta name=\"description\" content=\"Hypoallergeeninen koiranruoka aikuisille koirille. Lihaisa koostumus sis\u00e4lt\u00e4\u00e4 runsaasti herkullista lammasta.\" \/>\n<meta name=\"robots\" content=\"index, follow, max-snippet:-1, max-image-preview:large, max-video-preview:-1\" \/>\n<link rel=\"canonical\" href=\"https:\/\/www.goldeneaglepetfoods.fi\/index.php\/koirille\/valkoinen-kala-riisi-20-9-taysravinto-aikuisille-koirille\/\" \/>\n<meta property=\"og:locale\" content=\"en_US\" \/>\n<meta property=\"og:type\" content=\"article\" \/>\n<meta property=\"og:title\" content=\"Golden Eagle Petfoods - Valkoinen Kala &amp; Riisi 20\/9 T\u00e4ysravinto aikuisille koirille\" \/>\n<meta property=\"og:description\" content=\"Hypoallergeeninen koiranruoka aikuisille koirille. Lihaisa koostumus sis\u00e4lt\u00e4\u00e4 runsaasti herkullista lammasta.\" \/>\n<meta property=\"og:url\" content=\"https:\/\/www.goldeneaglepetfoods.fi\/index.php\/koirille\/valkoinen-kala-riisi-20-9-taysravinto-aikuisille-koirille\/\" \/>\n<meta property=\"og:site_name\" content=\"Golden Eagle Petfoods\" \/>\n<meta property=\"article:modified_time\" content=\"2025-09-19T10:30:58+00:00\" \/>\n<meta property=\"og:image\" content=\"https:\/\/www.goldeneaglepetfoods.fi\/wp-content\/uploads\/2025\/07\/Fish-Rice-12kg.jpg\" \/>\n\t<meta property=\"og:image:width\" content=\"1240\" \/>\n\t<meta property=\"og:image:height\" content=\"1748\" \/>\n\t<meta property=\"og:image:type\" content=\"image\/jpeg\" \/>\n<meta name=\"twitter:card\" content=\"summary_large_image\" \/>\n<meta name=\"twitter:label1\" content=\"Est. reading time\" \/>\n\t<meta name=\"twitter:data1\" content=\"2 minutes\" \/>\n<script type=\"application\/ld+json\" class=\"yoast-schema-graph\">{\"@context\":\"https:\/\/schema.org\",\"@graph\":[{\"@type\":\"WebPage\",\"@id\":\"https:\/\/www.goldeneaglepetfoods.fi\/index.php\/koirille\/valkoinen-kala-riisi-20-9-taysravinto-aikuisille-koirille\/\",\"url\":\"https:\/\/www.goldeneaglepetfoods.fi\/index.php\/koirille\/valkoinen-kala-riisi-20-9-taysravinto-aikuisille-koirille\/\",\"name\":\"Golden Eagle Petfoods - Valkoinen Kala &amp; Riisi 20\/9 T\u00e4ysravinto aikuisille koirille\",\"isPartOf\":{\"@id\":\"https:\/\/www.goldeneaglepetfoods.fi\/#website\"},\"primaryImageOfPage\":{\"@id\":\"https:\/\/www.goldeneaglepetfoods.fi\/index.php\/koirille\/valkoinen-kala-riisi-20-9-taysravinto-aikuisille-koirille\/#primaryimage\"},\"image\":{\"@id\":\"https:\/\/www.goldeneaglepetfoods.fi\/index.php\/koirille\/valkoinen-kala-riisi-20-9-taysravinto-aikuisille-koirille\/#primaryimage\"},\"thumbnailUrl\":\"https:\/\/www.goldeneaglepetfoods.fi\/wp-content\/uploads\/2025\/07\/Fish-Rice-12kg.jpg\",\"datePublished\":\"2025-07-15T07:03:51+00:00\",\"dateModified\":\"2025-09-19T10:30:58+00:00\",\"description\":\"Hypoallergeeninen koiranruoka aikuisille koirille. Lihaisa koostumus sis\u00e4lt\u00e4\u00e4 runsaasti herkullista lammasta.\",\"breadcrumb\":{\"@id\":\"https:\/\/www.goldeneaglepetfoods.fi\/index.php\/koirille\/valkoinen-kala-riisi-20-9-taysravinto-aikuisille-koirille\/#breadcrumb\"},\"inLanguage\":\"en\",\"potentialAction\":[{\"@type\":\"ReadAction\",\"target\":[\"https:\/\/www.goldeneaglepetfoods.fi\/index.php\/koirille\/valkoinen-kala-riisi-20-9-taysravinto-aikuisille-koirille\/\"]}]},{\"@type\":\"ImageObject\",\"inLanguage\":\"en\",\"@id\":\"https:\/\/www.goldeneaglepetfoods.fi\/index.php\/koirille\/valkoinen-kala-riisi-20-9-taysravinto-aikuisille-koirille\/#primaryimage\",\"url\":\"https:\/\/www.goldeneaglepetfoods.fi\/wp-content\/uploads\/2025\/07\/Fish-Rice-12kg.jpg\",\"contentUrl\":\"https:\/\/www.goldeneaglepetfoods.fi\/wp-content\/uploads\/2025\/07\/Fish-Rice-12kg.jpg\",\"width\":1240,\"height\":1748},{\"@type\":\"BreadcrumbList\",\"@id\":\"https:\/\/www.goldeneaglepetfoods.fi\/index.php\/koirille\/valkoinen-kala-riisi-20-9-taysravinto-aikuisille-koirille\/#breadcrumb\",\"itemListElement\":[{\"@type\":\"ListItem\",\"position\":1,\"name\":\"Home\",\"item\":\"https:\/\/www.goldeneaglepetfoods.fi\/\"},{\"@type\":\"ListItem\",\"position\":2,\"name\":\"Koirille\",\"item\":\"https:\/\/www.goldeneaglepetfoods.fi\/index.php\/koirille\/\"},{\"@type\":\"ListItem\",\"position\":3,\"name\":\"Valkoinen Kala &amp; Riisi 20\/9 T\u00e4ysravinto aikuisille koirille\"}]},{\"@type\":\"WebSite\",\"@id\":\"https:\/\/www.goldeneaglepetfoods.fi\/#website\",\"url\":\"https:\/\/www.goldeneaglepetfoods.fi\/\",\"name\":\"Golden Eagle Petfoods\",\"description\":\"Rakastavin p&auml;&auml;t&ouml;s, jonka voit tehd&auml; lemmikkisi puolesta.\",\"publisher\":{\"@id\":\"https:\/\/www.goldeneaglepetfoods.fi\/#organization\"},\"potentialAction\":[{\"@type\":\"SearchAction\",\"target\":{\"@type\":\"EntryPoint\",\"urlTemplate\":\"https:\/\/www.goldeneaglepetfoods.fi\/?s={search_term_string}\"},\"query-input\":{\"@type\":\"PropertyValueSpecification\",\"valueRequired\":true,\"valueName\":\"search_term_string\"}}],\"inLanguage\":\"en\"},{\"@type\":\"Organization\",\"@id\":\"https:\/\/www.goldeneaglepetfoods.fi\/#organization\",\"name\":\"Golden Eagle Petfoods\",\"url\":\"https:\/\/www.goldeneaglepetfoods.fi\/\",\"logo\":{\"@type\":\"ImageObject\",\"inLanguage\":\"en\",\"@id\":\"https:\/\/www.goldeneaglepetfoods.fi\/#\/schema\/logo\/image\/\",\"url\":\"https:\/\/www.goldeneaglepetfoods.fi\/wp-content\/uploads\/2021\/10\/Nimeton-suunn.malli_-e1633439769385.png\",\"contentUrl\":\"https:\/\/www.goldeneaglepetfoods.fi\/wp-content\/uploads\/2021\/10\/Nimeton-suunn.malli_-e1633439769385.png\",\"width\":500,\"height\":180,\"caption\":\"Golden Eagle Petfoods\"},\"image\":{\"@id\":\"https:\/\/www.goldeneaglepetfoods.fi\/#\/schema\/logo\/image\/\"}}]}<\/script>\n<!-- \/ Yoast SEO plugin. -->","yoast_head_json":{"title":"Golden Eagle Petfoods - Valkoinen Kala &amp; Riisi 20\/9 T\u00e4ysravinto aikuisille koirille","description":"Hypoallergeeninen koiranruoka aikuisille koirille. Lihaisa koostumus sis\u00e4lt\u00e4\u00e4 runsaasti herkullista lammasta.","robots":{"index":"index","follow":"follow","max-snippet":"max-snippet:-1","max-image-preview":"max-image-preview:large","max-video-preview":"max-video-preview:-1"},"canonical":"https:\/\/www.goldeneaglepetfoods.fi\/index.php\/koirille\/valkoinen-kala-riisi-20-9-taysravinto-aikuisille-koirille\/","og_locale":"en_US","og_type":"article","og_title":"Golden Eagle Petfoods - Valkoinen Kala &amp; Riisi 20\/9 T\u00e4ysravinto aikuisille koirille","og_description":"Hypoallergeeninen koiranruoka aikuisille koirille. Lihaisa koostumus sis\u00e4lt\u00e4\u00e4 runsaasti herkullista lammasta.","og_url":"https:\/\/www.goldeneaglepetfoods.fi\/index.php\/koirille\/valkoinen-kala-riisi-20-9-taysravinto-aikuisille-koirille\/","og_site_name":"Golden Eagle Petfoods","article_modified_time":"2025-09-19T10:30:58+00:00","og_image":[{"width":1240,"height":1748,"url":"https:\/\/www.goldeneaglepetfoods.fi\/wp-content\/uploads\/2025\/07\/Fish-Rice-12kg.jpg","type":"image\/jpeg"}],"twitter_card":"summary_large_image","twitter_misc":{"Est. reading time":"2 minutes"},"schema":{"@context":"https:\/\/schema.org","@graph":[{"@type":"WebPage","@id":"https:\/\/www.goldeneaglepetfoods.fi\/index.php\/koirille\/valkoinen-kala-riisi-20-9-taysravinto-aikuisille-koirille\/","url":"https:\/\/www.goldeneaglepetfoods.fi\/index.php\/koirille\/valkoinen-kala-riisi-20-9-taysravinto-aikuisille-koirille\/","name":"Golden Eagle Petfoods - Valkoinen Kala &amp; Riisi 20\/9 T\u00e4ysravinto aikuisille koirille","isPartOf":{"@id":"https:\/\/www.goldeneaglepetfoods.fi\/#website"},"primaryImageOfPage":{"@id":"https:\/\/www.goldeneaglepetfoods.fi\/index.php\/koirille\/valkoinen-kala-riisi-20-9-taysravinto-aikuisille-koirille\/#primaryimage"},"image":{"@id":"https:\/\/www.goldeneaglepetfoods.fi\/index.php\/koirille\/valkoinen-kala-riisi-20-9-taysravinto-aikuisille-koirille\/#primaryimage"},"thumbnailUrl":"https:\/\/www.goldeneaglepetfoods.fi\/wp-content\/uploads\/2025\/07\/Fish-Rice-12kg.jpg","datePublished":"2025-07-15T07:03:51+00:00","dateModified":"2025-09-19T10:30:58+00:00","description":"Hypoallergeeninen koiranruoka aikuisille koirille. Lihaisa koostumus sis\u00e4lt\u00e4\u00e4 runsaasti herkullista lammasta.","breadcrumb":{"@id":"https:\/\/www.goldeneaglepetfoods.fi\/index.php\/koirille\/valkoinen-kala-riisi-20-9-taysravinto-aikuisille-koirille\/#breadcrumb"},"inLanguage":"en","potentialAction":[{"@type":"ReadAction","target":["https:\/\/www.goldeneaglepetfoods.fi\/index.php\/koirille\/valkoinen-kala-riisi-20-9-taysravinto-aikuisille-koirille\/"]}]},{"@type":"ImageObject","inLanguage":"en","@id":"https:\/\/www.goldeneaglepetfoods.fi\/index.php\/koirille\/valkoinen-kala-riisi-20-9-taysravinto-aikuisille-koirille\/#primaryimage","url":"https:\/\/www.goldeneaglepetfoods.fi\/wp-content\/uploads\/2025\/07\/Fish-Rice-12kg.jpg","contentUrl":"https:\/\/www.goldeneaglepetfoods.fi\/wp-content\/uploads\/2025\/07\/Fish-Rice-12kg.jpg","width":1240,"height":1748},{"@type":"BreadcrumbList","@id":"https:\/\/www.goldeneaglepetfoods.fi\/index.php\/koirille\/valkoinen-kala-riisi-20-9-taysravinto-aikuisille-koirille\/#breadcrumb","itemListElement":[{"@type":"ListItem","position":1,"name":"Home","item":"https:\/\/www.goldeneaglepetfoods.fi\/"},{"@type":"ListItem","position":2,"name":"Koirille","item":"https:\/\/www.goldeneaglepetfoods.fi\/index.php\/koirille\/"},{"@type":"ListItem","position":3,"name":"Valkoinen Kala &amp; Riisi 20\/9 T\u00e4ysravinto aikuisille koirille"}]},{"@type":"WebSite","@id":"https:\/\/www.goldeneaglepetfoods.fi\/#website","url":"https:\/\/www.goldeneaglepetfoods.fi\/","name":"Golden Eagle Petfoods","description":"Rakastavin p&auml;&auml;t&ouml;s, jonka voit tehd&auml; lemmikkisi puolesta.","publisher":{"@id":"https:\/\/www.goldeneaglepetfoods.fi\/#organization"},"potentialAction":[{"@type":"SearchAction","target":{"@type":"EntryPoint","urlTemplate":"https:\/\/www.goldeneaglepetfoods.fi\/?s={search_term_string}"},"query-input":{"@type":"PropertyValueSpecification","valueRequired":true,"valueName":"search_term_string"}}],"inLanguage":"en"},{"@type":"Organization","@id":"https:\/\/www.goldeneaglepetfoods.fi\/#organization","name":"Golden Eagle Petfoods","url":"https:\/\/www.goldeneaglepetfoods.fi\/","logo":{"@type":"ImageObject","inLanguage":"en","@id":"https:\/\/www.goldeneaglepetfoods.fi\/#\/schema\/logo\/image\/","url":"https:\/\/www.goldeneaglepetfoods.fi\/wp-content\/uploads\/2021\/10\/Nimeton-suunn.malli_-e1633439769385.png","contentUrl":"https:\/\/www.goldeneaglepetfoods.fi\/wp-content\/uploads\/2021\/10\/Nimeton-suunn.malli_-e1633439769385.png","width":500,"height":180,"caption":"Golden Eagle Petfoods"},"image":{"@id":"https:\/\/www.goldeneaglepetfoods.fi\/#\/schema\/logo\/image\/"}}]}},"_links":{"self":[{"href":"https:\/\/www.goldeneaglepetfoods.fi\/index.php\/wp-json\/wp\/v2\/pages\/3031","targetHints":{"allow":["GET"]}}],"collection":[{"href":"https:\/\/www.goldeneaglepetfoods.fi\/index.php\/wp-json\/wp\/v2\/pages"}],"about":[{"href":"https:\/\/www.goldeneaglepetfoods.fi\/index.php\/wp-json\/wp\/v2\/types\/page"}],"author":[{"embeddable":true,"href":"https:\/\/www.goldeneaglepetfoods.fi\/index.php\/wp-json\/wp\/v2\/users\/13"}],"replies":[{"embeddable":true,"href":"https:\/\/www.goldeneaglepetfoods.fi\/index.php\/wp-json\/wp\/v2\/comments?post=3031"}],"version-history":[{"count":19,"href":"https:\/\/www.goldeneaglepetfoods.fi\/index.php\/wp-json\/wp\/v2\/pages\/3031\/revisions"}],"predecessor-version":[{"id":3320,"href":"https:\/\/www.goldeneaglepetfoods.fi\/index.php\/wp-json\/wp\/v2\/pages\/3031\/revisions\/3320"}],"up":[{"embeddable":true,"href":"https:\/\/www.goldeneaglepetfoods.fi\/index.php\/wp-json\/wp\/v2\/pages\/77"}],"wp:featuredmedia":[{"embeddable":true,"href":"https:\/\/www.goldeneaglepetfoods.fi\/index.php\/wp-json\/wp\/v2\/media\/3032"}],"wp:attachment":[{"href":"https:\/\/www.goldeneaglepetfoods.fi\/index.php\/wp-json\/wp\/v2\/media?parent=3031"}],"curies":[{"name":"wp","href":"https:\/\/api.w.org\/{rel}","templated":true}]}}